{"id":6,"date":"2023-12-31T13:02:56","date_gmt":"2023-12-31T12:02:56","guid":{"rendered":"https:\/\/capautonomieinclusion.fr\/?page_id=6"},"modified":"2024-01-08T18:54:25","modified_gmt":"2024-01-08T17:54:25","slug":"habitat-inclusif","status":"publish","type":"page","link":"https:\/\/capautonomieinclusion.fr\/","title":{"rendered":"L&rsquo;Habitat Inclusif"},"content":{"rendered":"\n<figure class=\"wp-block-image size-large is-resized\"><img loading=\"lazy\" decoding=\"async\" width=\"1024\" height=\"329\" src=\"http:\/\/capautonomieinclusion.fr\/wp-content\/uploads\/2024\/01\/cropped-Image-personne-en-situation-handicap-1024x329.png\" alt=\"\" class=\"wp-image-77\" style=\"width:836px;height:auto\" srcset=\"https:\/\/capautonomieinclusion.fr\/wp-content\/uploads\/2024\/01\/cropped-Image-personne-en-situation-handicap-1024x329.png 1024w, https:\/\/capautonomieinclusion.fr\/wp-content\/uploads\/2024\/01\/cropped-Image-personne-en-situation-handicap-300x96.png 300w, https:\/\/capautonomieinclusion.fr\/wp-content\/uploads\/2024\/01\/cropped-Image-personne-en-situation-handicap-768x246.png 768w, https:\/\/capautonomieinclusion.fr\/wp-content\/uploads\/2024\/01\/cropped-Image-personne-en-situation-handicap.png 1200w\" sizes=\"auto, (max-width: 709px) 85vw, (max-width: 909px) 67vw, (max-width: 1362px) 62vw, 840px\" \/><\/figure>\n\n\n\n<h2 class=\"wp-block-heading\">L&rsquo;habitat inclusif pour Personnes en Situation de Handicap (PSH)<\/h2>\n\n\n\n<p>L\u2019habitat inclusif est destin\u00e9 aux personnes handicap\u00e9es et aux personnes \u00e2g\u00e9es qui font le choix, \u00e0 titre de r\u00e9sidence principale, d\u2019un mode d\u2019habitation regroup\u00e9.<\/p>\n\n\n\n<p>Les habitants peuvent \u00eatre locataires, colocataires, sous-locataires ou propri\u00e9taires.<\/p>\n\n\n\n<p>Cet habitat peut \u00eatre constitu\u00e9 dans le parc priv\u00e9 ou social, dans le respect des r\u00e8gles de droit commun.<\/p>\n\n\n\n<p>Il n\u2019existe pas de crit\u00e8res requis pour vivre dans un habitat inclusif.<\/p>\n\n\n\n<h2 class=\"wp-block-heading\">Diverses formes d&rsquo;habiter<\/h2>\n\n\n\n<ul class=\"wp-block-list\">\n<li>Habitat partag\u00e9<\/li>\n\n\n\n<li>Disposition d\u2019une aide pour cette vie partag\u00e9e<\/li>\n\n\n\n<li>Les habitants en situation de handicap ou de perte d\u2019autonomie peuvent solliciter ou continuer \u00e0 b\u00e9n\u00e9ficier d\u2019un accompagnement individualis\u00e9 pour le soutien \u00e0 l\u2019autonomie.<\/li>\n\n\n\n<li>Un environnement facilitateur et am\u00e9nag\u00e9 pour permettre la vie individuelle, sociale et partag\u00e9e et le \u00ab vivre ensemble \u00bb<\/li>\n\n\n\n<li>R\u00e9sidence principale de la personne<\/li>\n<\/ul>\n","protected":false},"excerpt":{"rendered":"<p>L&rsquo;habitat inclusif pour Personnes en Situation de Handicap (PSH) L\u2019habitat inclusif est destin\u00e9 aux personnes handicap\u00e9es et aux personnes \u00e2g\u00e9es qui font le choix, \u00e0 titre de r\u00e9sidence principale, d\u2019un mode d\u2019habitation regroup\u00e9. Les habitants peuvent \u00eatre locataires, colocataires, sous-locataires ou propri\u00e9taires. Cet habitat peut \u00eatre constitu\u00e9 dans le parc priv\u00e9 ou social, dans le &hellip; <a href=\"https:\/\/capautonomieinclusion.fr\/\" class=\"more-link\">Continuer la lecture<span class=\"screen-reader-text\"> de &laquo;&nbsp;L&rsquo;Habitat Inclusif&nbsp;&raquo;<\/span><\/a><\/p>\n","protected":false},"author":1,"featured_media":0,"parent":0,"menu_order":0,"comment_status":"closed","ping_status":"closed","template":"","meta":{"footnotes":""},"class_list":["post-6","page","type-page","status-publish","hentry"],"_links":{"self":[{"href":"https:\/\/capautonomieinclusion.fr\/index.php\/wp-json\/wp\/v2\/pages\/6","targetHints":{"allow":["GET"]}}],"collection":[{"href":"https:\/\/capautonomieinclusion.fr\/index.php\/wp-json\/wp\/v2\/pages"}],"about":[{"href":"https:\/\/capautonomieinclusion.fr\/index.php\/wp-json\/wp\/v2\/types\/page"}],"author":[{"embeddable":true,"href":"https:\/\/capautonomieinclusion.fr\/index.php\/wp-json\/wp\/v2\/users\/1"}],"replies":[{"embeddable":true,"href":"https:\/\/capautonomieinclusion.fr\/index.php\/wp-json\/wp\/v2\/comments?post=6"}],"version-history":[{"count":7,"href":"https:\/\/capautonomieinclusion.fr\/index.php\/wp-json\/wp\/v2\/pages\/6\/revisions"}],"predecessor-version":[{"id":100,"href":"https:\/\/capautonomieinclusion.fr\/index.php\/wp-json\/wp\/v2\/pages\/6\/revisions\/100"}],"wp:attachment":[{"href":"https:\/\/capautonomieinclusion.fr\/index.php\/wp-json\/wp\/v2\/media?parent=6"}],"curies":[{"name":"wp","href":"https:\/\/api.w.org\/{rel}","templated":true}]}}